{"id":132,"date":"2023-07-03T22:16:38","date_gmt":"2023-07-04T01:16:38","guid":{"rendered":"https:\/\/www.digamo.uy\/index.php\/producto\/producto\/"},"modified":"2024-08-15T19:45:12","modified_gmt":"2024-08-15T22:45:12","slug":"barra-entrenadora-savannah-coche-colecho-mecedora-taf-toys","status":"publish","type":"product","link":"https:\/\/www.digamo.uy\/index.php\/producto\/barra-entrenadora-savannah-coche-colecho-mecedora-taf-toys\/","title":{"rendered":"Barra Entrenadora Savannah Coche Colecho Mecedora Taf Toys"},"content":{"rendered":"<p>Somos DIGAMO.UY<\/p>\n<p>Barra entretenedora Savannah &#8211; Taf toys (T12795)<\/p>\n<p>La compa\u00f1\u00eda perfecta para su beb\u00e9<\/p>\n<p>\u00a1Nuestro arco Savannah Adventures mantiene al beb\u00e9 entretenido mientras pasea! El arco Savannah Adventures es flexible y cuenta con fascinantes juguetes instrumentales para estimular el descubrimiento de sonidos, sentidos y desarrollo de habilidades motoras por parte del beb\u00e9.<br \/>\nLigero y f\u00e1cil de plegar y usar mientras viaja<\/p>\n<p>3 juguetes colgantes brindan mucha actividad para que el beb\u00e9 sienta y agarre, incluidos platillos de le\u00f3n, un timbre y una abeja cascabel. Jugar y agarrar los coloridos juguetes es perfecto para practicar la coordinaci\u00f3n ojo-mano, aprender a controlar sus manos y ayuda a desarrollar los sentidos y las habilidades motoras del beb\u00e9.<br \/>\nSe acopla f\u00e1cilmente a la mayor\u00eda de los cochecitos, sillas de paseo para beb\u00e9s o hamacas con grandes clips de pl\u00e1stico ajustables que permiten al beb\u00e9 jugar mientras viaja. El arco suave y flexible se dobla hacia adelante, atr\u00e1s, arriba y abajo, lo que lo hace compatible con la edad y las preferencias de juego del beb\u00e9. La flexibilidad del arco permite moderar el nivel de estimulaci\u00f3n que ofrece con un simple ajuste del arco para alterar los juguetes que se encuentran dentro del campo de visi\u00f3n del beb\u00e9.<\/p>\n<p>0M+ Los juguetes colgantes con cascabel fomentan la exploraci\u00f3n sensorial del beb\u00e9 mientras mira los juguetes en movimiento.<br \/>\nEl beb\u00e9 de 5 millones o m\u00e1s comienza a jugar con los juguetes colgantes, tirar y parlotear ayuda a desarrollar los sentidos y las habilidades motoras finas del beb\u00e9 y a aprender sobre causa y efecto.<br \/>\nSentidos &#8211; Nuestro sonriente harry el le\u00f3n, los diferentes sonidos, sonajeros y las diferentes texturas estimulan el sentido de la vista, el o\u00eddo y el tacto del beb\u00e9.<br \/>\nHabilidades motoras finas: coloque el arco a la distancia adecuada del beb\u00e9. La posici\u00f3n correcta le permite a su beb\u00e9 mirar los juguetes y luego tirar, tocar y jugar con ellos, practicando habilidades motoras y coordinaci\u00f3n ojo-mano.<br \/>\nCognici\u00f3n: el beb\u00e9 aprender\u00e1 a agarrar los sonajeros y los juguetes colgantes y a escuchar varios sonidos. El beb\u00e9 ser\u00e1 recompensado por los sonidos cuando los juguetes golpeen o pateen, ense\u00f1\u00e1ndole a comprender la causa y el efecto.<br \/>\nProporciona estimulaci\u00f3n visual y fomenta la concentraci\u00f3n.<\/p>\n<p>Medidas: 45,50 x 38 x 6 cm.<\/p>\n","protected":false},"excerpt":{"rendered":"<p>Somos DIGAMO.UY Barra entretenedora Savannah &#8211; Taf toys (T12795) La compa\u00f1\u00eda perfecta para su beb\u00e9 \u00a1Nuestro arco Savannah Adventures mantiene al beb\u00e9 entretenido mientras pasea! El arco Savannah Adventures es flexible y cuenta con fascinantes juguetes instrumentales para estimular el descubrimiento de sonidos, sentidos y desarrollo de habilidades motoras por [&hellip;]<\/p>\n","protected":false},"featured_media":24866,"comment_status":"open","ping_status":"closed","template":"","meta":[],"product_cat":[21,52,51],"product_tag":[],"class_list":{"0":"post-132","1":"product","2":"type-product","3":"status-publish","4":"has-post-thumbnail","6":"product_cat-beb-s","7":"product_cat-juegos-y-juguetes-para-beb-s","8":"product_cat-m-viles-para-cunas","10":"first","11":"outofstock","12":"shipping-taxable","13":"purchasable","14":"product-type-variable"},"_links":{"self":[{"href":"https:\/\/www.digamo.uy\/index.php\/wp-json\/wp\/v2\/product\/132","targetHints":{"allow":["GET"]}}],"collection":[{"href":"https:\/\/www.digamo.uy\/index.php\/wp-json\/wp\/v2\/product"}],"about":[{"href":"https:\/\/www.digamo.uy\/index.php\/wp-json\/wp\/v2\/types\/product"}],"replies":[{"embeddable":true,"href":"https:\/\/www.digamo.uy\/index.php\/wp-json\/wp\/v2\/comments?post=132"}],"wp:featuredmedia":[{"embeddable":true,"href":"https:\/\/www.digamo.uy\/index.php\/wp-json\/wp\/v2\/media\/24866"}],"wp:attachment":[{"href":"https:\/\/www.digamo.uy\/index.php\/wp-json\/wp\/v2\/media?parent=132"}],"wp:term":[{"taxonomy":"product_cat","embeddable":true,"href":"https:\/\/www.digamo.uy\/index.php\/wp-json\/wp\/v2\/product_cat?post=132"},{"taxonomy":"product_tag","embeddable":true,"href":"https:\/\/www.digamo.uy\/index.php\/wp-json\/wp\/v2\/product_tag?post=132"}],"curies":[{"name":"wp","href":"https:\/\/api.w.org\/{rel}","templated":true}]}}