{"id":180,"date":"2023-07-03T22:17:56","date_gmt":"2023-07-04T01:17:56","guid":{"rendered":"https:\/\/www.digamo.uy\/index.php\/producto\/producto\/"},"modified":"2024-08-15T19:46:10","modified_gmt":"2024-08-15T22:46:10","slug":"manta-de-apego-de-bebe-noni-kooky-taf-toys-estimulacion","status":"publish","type":"product","link":"https:\/\/www.digamo.uy\/index.php\/producto\/manta-de-apego-de-bebe-noni-kooky-taf-toys-estimulacion\/","title":{"rendered":"Manta De Apego De Bebe Le\u00f3n Taf Toys Estimulaci\u00f3n"},"content":{"rendered":"<p>Manta de apego &#8211; Le\u00f3n T12975<\/p>\n<p>La Manta de Apego de Beb\u00e9 Noni Kooky de la marca Taf Toys es el compa\u00f1ero perfecto para tu peque\u00f1o. Confeccionada en suave algod\u00f3n peluche, esta manta de apego en forma de le\u00f3n estimular\u00e1 los sentidos y la curiosidad de tu beb\u00e9. Ideal para beb\u00e9s de 0 a 24 meses, es hipoalerg\u00e9nica y segura para su delicada piel. Su dise\u00f1o colorido y divertido captar\u00e1 la atenci\u00f3n de tu beb\u00e9 y lo acompa\u00f1ar\u00e1 en sus momentos de descanso y juego. Aprovecha esta oportunidad para brindarle a tu beb\u00e9 un juguete de calidad que lo acompa\u00f1ar\u00e1 en su crecimiento y desarrollo.<\/p>\n","protected":false},"excerpt":{"rendered":"<p>Manta de apego &#8211; Le\u00f3n T12975 La Manta de Apego de Beb\u00e9 Noni Kooky de la marca Taf Toys es el compa\u00f1ero perfecto para tu peque\u00f1o. Confeccionada en suave algod\u00f3n peluche, esta manta de apego en forma de le\u00f3n estimular\u00e1 los sentidos y la curiosidad de tu beb\u00e9. Ideal para [&hellip;]<\/p>\n","protected":false},"featured_media":24903,"comment_status":"open","ping_status":"closed","template":"","meta":[],"product_cat":[21,44,43],"product_tag":[],"class_list":{"0":"post-180","1":"product","2":"type-product","3":"status-publish","4":"has-post-thumbnail","6":"product_cat-beb-s","7":"product_cat-cuarto-del-beb","8":"product_cat-mantas-de-apego","10":"first","11":"instock","12":"shipping-taxable","13":"purchasable","14":"product-type-simple"},"_links":{"self":[{"href":"https:\/\/www.digamo.uy\/index.php\/wp-json\/wp\/v2\/product\/180","targetHints":{"allow":["GET"]}}],"collection":[{"href":"https:\/\/www.digamo.uy\/index.php\/wp-json\/wp\/v2\/product"}],"about":[{"href":"https:\/\/www.digamo.uy\/index.php\/wp-json\/wp\/v2\/types\/product"}],"replies":[{"embeddable":true,"href":"https:\/\/www.digamo.uy\/index.php\/wp-json\/wp\/v2\/comments?post=180"}],"wp:featuredmedia":[{"embeddable":true,"href":"https:\/\/www.digamo.uy\/index.php\/wp-json\/wp\/v2\/media\/24903"}],"wp:attachment":[{"href":"https:\/\/www.digamo.uy\/index.php\/wp-json\/wp\/v2\/media?parent=180"}],"wp:term":[{"taxonomy":"product_cat","embeddable":true,"href":"https:\/\/www.digamo.uy\/index.php\/wp-json\/wp\/v2\/product_cat?post=180"},{"taxonomy":"product_tag","embeddable":true,"href":"https:\/\/www.digamo.uy\/index.php\/wp-json\/wp\/v2\/product_tag?post=180"}],"curies":[{"name":"wp","href":"https:\/\/api.w.org\/{rel}","templated":true}]}}