{"id":2394,"date":"2023-07-04T15:18:00","date_gmt":"2023-07-04T18:18:00","guid":{"rendered":"https:\/\/www.digamo.uy\/index.php\/producto\/producto\/"},"modified":"2024-08-15T22:09:47","modified_gmt":"2024-08-16T01:09:47","slug":"coche-con-cubrepie-savona-infanti","status":"publish","type":"product","link":"https:\/\/www.digamo.uy\/index.php\/producto\/coche-con-cubrepie-savona-infanti\/","title":{"rendered":"Coche Con Cubrepie &#8211; Savona &#8211; Infanti"},"content":{"rendered":"<p>Coche con cubrepie &#8211; Savona &#8211; Infanti (LC328)<\/p>\n<p>Caracter\u00edsticas:<br \/>\n&#8211; Arn\u00e9s de 3 puntas<br \/>\n&#8211; 3 posiciones de reclinado<br \/>\n&#8211; Coche cuna<br \/>\n&#8211; Mango rebatible<br \/>\n&#8211; Bandeja desmontable para ni\u00f1os<br \/>\n&#8211; Apoyapi\u00e9s con diferentes posiciones<br \/>\n&#8211; Cubrepi\u00e9s<br \/>\n&#8211; Canasto porta-objetos<br \/>\n&#8211; 2 ruedas delanteras dobles y 2 traseras simples<br \/>\n&#8211; Frenos en ruedas traseras<br \/>\n&#8211; Tela desmontable y lavable<br \/>\n&#8211; Ruedas delanteras opcionalmente fijas o giratorias<\/p>\n<p>Especificaciones:<br \/>\n&#8211; Peso recomendado del ni\u00f1o: 0 a 18 Kgs<br \/>\n&#8211; Edad: 0 a 4 a\u00f1os<\/p>\n","protected":false},"excerpt":{"rendered":"<p>Coche con cubrepie &#8211; Savona &#8211; Infanti (LC328) Caracter\u00edsticas: &#8211; Arn\u00e9s de 3 puntas &#8211; 3 posiciones de reclinado &#8211; Coche cuna &#8211; Mango rebatible &#8211; Bandeja desmontable para ni\u00f1os &#8211; Apoyapi\u00e9s con diferentes posiciones &#8211; Cubrepi\u00e9s &#8211; Canasto porta-objetos &#8211; 2 ruedas delanteras dobles y 2 traseras simples &#8211; [&hellip;]<\/p>\n","protected":false},"featured_media":27839,"comment_status":"open","ping_status":"closed","template":"","meta":[],"product_cat":[21,104,28],"product_tag":[],"class_list":{"0":"post-2394","1":"product","2":"type-product","3":"status-publish","4":"has-post-thumbnail","6":"product_cat-beb-s","7":"product_cat-cochecitos-para-beb-s","8":"product_cat-paseo-del-beb","10":"first","11":"outofstock","12":"shipping-taxable","13":"purchasable","14":"product-type-simple"},"_links":{"self":[{"href":"https:\/\/www.digamo.uy\/index.php\/wp-json\/wp\/v2\/product\/2394","targetHints":{"allow":["GET"]}}],"collection":[{"href":"https:\/\/www.digamo.uy\/index.php\/wp-json\/wp\/v2\/product"}],"about":[{"href":"https:\/\/www.digamo.uy\/index.php\/wp-json\/wp\/v2\/types\/product"}],"replies":[{"embeddable":true,"href":"https:\/\/www.digamo.uy\/index.php\/wp-json\/wp\/v2\/comments?post=2394"}],"wp:featuredmedia":[{"embeddable":true,"href":"https:\/\/www.digamo.uy\/index.php\/wp-json\/wp\/v2\/media\/27839"}],"wp:attachment":[{"href":"https:\/\/www.digamo.uy\/index.php\/wp-json\/wp\/v2\/media?parent=2394"}],"wp:term":[{"taxonomy":"product_cat","embeddable":true,"href":"https:\/\/www.digamo.uy\/index.php\/wp-json\/wp\/v2\/product_cat?post=2394"},{"taxonomy":"product_tag","embeddable":true,"href":"https:\/\/www.digamo.uy\/index.php\/wp-json\/wp\/v2\/product_tag?post=2394"}],"curies":[{"name":"wp","href":"https:\/\/api.w.org\/{rel}","templated":true}]}}