{"id":25583,"date":"2024-08-15T20:44:32","date_gmt":"2024-08-15T23:44:32","guid":{"rendered":"https:\/\/www.digamo.uy\/index.php\/producto\/producto\/"},"modified":"2024-08-15T20:44:39","modified_gmt":"2024-08-15T23:44:39","slug":"silla-butaca-para-auto-noe-fix-babyauto","status":"publish","type":"product","link":"https:\/\/www.digamo.uy\/index.php\/producto\/silla-butaca-para-auto-noe-fix-babyauto\/","title":{"rendered":"Silla Butaca Para Auto &#8211; Noe Fix &#8211; Babyauto"},"content":{"rendered":"<p>Butaca Para Auto &#8211; NOE Fix &#8211; Babyauto<\/p>\n<p>Es una silla extremadamente vers\u00e1til ya que cubre todos grupos de uso para una silla de auto. <\/p>\n<p>Es decir, se adapta progresivamente al crecimiento del ni\u00f1o desde los 0 hasta los 36 kg, sin necesidad de tener que cambiar de silla. <\/p>\n<p>Puede usarse en sentido contrario a la marcha hasta los 18 kg siempre que el ni\u00f1o viaje c\u00f3modo para luego cambiar la orientaci\u00f3n y continuar en sentido a la marcha.<\/p>\n<p>Combina una instalaci\u00f3n mixta del cintur\u00f3n de seguridad del veh\u00edculo junto con los adaptadores Isoclick Fix\u00ae que ofrecen una fijaci\u00f3n extra de la silla al veh\u00edculo. <\/p>\n<p>1 silla \/ 4 etapas:<br \/>\nEsta silla cubre todos los grupos de edad, desde 0+ hasta Grupo 3<\/p>\n<p>A contramarcha durante mas tiempo:<br \/>\nProlongar su uso mas all\u00e1 de los 9kgs ofrece mejor protecci\u00f3n a su ni\u00f1o.<\/p>\n<p>Reclinable:<br \/>\nCuenta con 4 posiciones de reclinado que proporcionan la posicion ideal para cada momento.<\/p>\n<p>Apoyacabeza ajustable en altura:<br \/>\nEl apoyacabeza se ajusta en altura, adaptable al crecimiento del ni\u00f1o<\/p>\n<p>Grupo 0+ 1 2 3<br \/>\n0 &#8211; 36 Kg.<br \/>\nDe 0 a 12 a\u00f1os<\/p>\n","protected":false},"excerpt":{"rendered":"<p>Butaca Para Auto &#8211; NOE Fix &#8211; Babyauto Es una silla extremadamente vers\u00e1til ya que cubre todos grupos de uso para una silla de auto. Es decir, se adapta progresivamente al crecimiento del ni\u00f1o desde los 0 hasta los 36 kg, sin necesidad de tener que cambiar de silla. Puede [&hellip;]<\/p>\n","protected":false},"featured_media":25584,"comment_status":"open","ping_status":"closed","template":"","meta":[],"product_cat":[21,28,27],"product_tag":[],"class_list":{"0":"post-25583","1":"product","2":"type-product","3":"status-publish","4":"has-post-thumbnail","6":"product_cat-beb-s","7":"product_cat-paseo-del-beb","8":"product_cat-sillas-para-autos","10":"first","11":"outofstock","12":"shipping-taxable","13":"purchasable","14":"product-type-simple"},"_links":{"self":[{"href":"https:\/\/www.digamo.uy\/index.php\/wp-json\/wp\/v2\/product\/25583","targetHints":{"allow":["GET"]}}],"collection":[{"href":"https:\/\/www.digamo.uy\/index.php\/wp-json\/wp\/v2\/product"}],"about":[{"href":"https:\/\/www.digamo.uy\/index.php\/wp-json\/wp\/v2\/types\/product"}],"replies":[{"embeddable":true,"href":"https:\/\/www.digamo.uy\/index.php\/wp-json\/wp\/v2\/comments?post=25583"}],"wp:featuredmedia":[{"embeddable":true,"href":"https:\/\/www.digamo.uy\/index.php\/wp-json\/wp\/v2\/media\/25584"}],"wp:attachment":[{"href":"https:\/\/www.digamo.uy\/index.php\/wp-json\/wp\/v2\/media?parent=25583"}],"wp:term":[{"taxonomy":"product_cat","embeddable":true,"href":"https:\/\/www.digamo.uy\/index.php\/wp-json\/wp\/v2\/product_cat?post=25583"},{"taxonomy":"product_tag","embeddable":true,"href":"https:\/\/www.digamo.uy\/index.php\/wp-json\/wp\/v2\/product_tag?post=25583"}],"curies":[{"name":"wp","href":"https:\/\/api.w.org\/{rel}","templated":true}]}}