{"id":2566,"date":"2023-07-04T15:21:55","date_gmt":"2023-07-04T18:21:55","guid":{"rendered":"https:\/\/www.digamo.uy\/index.php\/producto\/producto\/"},"modified":"2024-08-15T22:14:13","modified_gmt":"2024-08-16T01:14:13","slug":"butaca-para-auto-every-stage-infanti-joie","status":"publish","type":"product","link":"https:\/\/www.digamo.uy\/index.php\/producto\/butaca-para-auto-every-stage-infanti-joie\/","title":{"rendered":"Butaca Para Auto &#8211; Every Stage &#8211; Infanti Joie"},"content":{"rendered":"<p>Butaca para auto &#8211; Every stage &#8211; Infanti Joie (C1209TTB)<\/p>\n<p>Caracter\u00edsticas:<br \/>\n&#8211; Silla de coche del grupo 0+\/1\/2\/3<br \/>\n&#8211; A contramarcha desde el nacimiento hasta los 18 Kg \/ 4 a\u00f1os aprox<br \/>\n&#8211; A favor de la marcha desde los 9 Kg hasta los 36 Kg \/ 12 a\u00f1os aprox<br \/>\n&#8211; 5 posiciones de reclinado: 1 a contramarcha y 4 a favor de la marcha<br \/>\n&#8211; La protecci\u00f3n lateral proporciona m\u00e1s seguridad para la cabeza, el cuerpo y las caderas<br \/>\n&#8211; Guard Surround Safety\u2122: paneles laterales que mejoran la protecci\u00f3n lateral y que pueden plegarse cuando no se utilizan<br \/>\n&#8211; Estructura interior de acero reforzado<br \/>\n&#8211; Los laterales AutoAdjust\u2122 se abren cuando el reposacabezas se sube<br \/>\n&#8211; Reposacabezas ajustable en 10 alturas con una sola mano<br \/>\n&#8211; Grow Together\u2122: reposacabezas y arn\u00e9s se ajustan simult\u00e1neamente, sin necesidad de reposicionar los arneses<br \/>\n&#8211; Los arneses pueden guardarse en su compartimento cuando la silla se utiliza como grupo 2\/3<br \/>\n&#8211; El soporte de cabeza y cuerpo \u201cGrow-with-me\u201d son ajustables individualmente<br \/>\n&#8211; Suave acolchado y lujosa tapicer\u00eda<br \/>\n&#8211; Ventilaci\u00f3n lateral<br \/>\n&#8211; Bolsillos de rejilla laterales para guardar objetos<br \/>\n&#8211; Gu\u00edas para la instalaci\u00f3n de los cinturones bien marcadas con colores<br \/>\n&#8211; F\u00e1cil instalaci\u00f3n con doble dispositivo de bloqueo<br \/>\n&#8211; Arn\u00e9s de 5 puntos con protectores de hombros y hebilla<br \/>\n&#8211; Ajuste del arn\u00e9s de 5 puntos en un solo movimiento<br \/>\n&#8211; Se transforma para adaptarse<br \/>\n&#8211; Crece simult\u00e1neamente a lo alto y a lo ancho. A medida que el reposacabezas sube los laterales AutoAdjust\u2122 se expanden para adaptarse al crecimiento del ni\u00f1o<br \/>\n&#8211; Poderosa protecci\u00f3n<br \/>\n&#8211; Los paneles Guard Surround Safety\u2122 a\u00f1aden capas que mejoran la protecci\u00f3n lateral, mientras que el chasis de acero reforzado absorbe la energ\u00eda en caso de impacto<\/p>\n<p>IMPORTANTE: Consultar stock antes de confirmar su compra.<\/p>\n","protected":false},"excerpt":{"rendered":"<p>Butaca para auto &#8211; Every stage &#8211; Infanti Joie (C1209TTB) Caracter\u00edsticas: &#8211; Silla de coche del grupo 0+\/1\/2\/3 &#8211; A contramarcha desde el nacimiento hasta los 18 Kg \/ 4 a\u00f1os aprox &#8211; A favor de la marcha desde los 9 Kg hasta los 36 Kg \/ 12 a\u00f1os aprox [&hellip;]<\/p>\n","protected":false},"featured_media":27976,"comment_status":"open","ping_status":"closed","template":"","meta":[],"product_cat":[21,28,27],"product_tag":[],"class_list":{"0":"post-2566","1":"product","2":"type-product","3":"status-publish","4":"has-post-thumbnail","6":"product_cat-beb-s","7":"product_cat-paseo-del-beb","8":"product_cat-sillas-para-autos","10":"first","11":"outofstock","12":"shipping-taxable","13":"purchasable","14":"product-type-simple"},"_links":{"self":[{"href":"https:\/\/www.digamo.uy\/index.php\/wp-json\/wp\/v2\/product\/2566","targetHints":{"allow":["GET"]}}],"collection":[{"href":"https:\/\/www.digamo.uy\/index.php\/wp-json\/wp\/v2\/product"}],"about":[{"href":"https:\/\/www.digamo.uy\/index.php\/wp-json\/wp\/v2\/types\/product"}],"replies":[{"embeddable":true,"href":"https:\/\/www.digamo.uy\/index.php\/wp-json\/wp\/v2\/comments?post=2566"}],"wp:featuredmedia":[{"embeddable":true,"href":"https:\/\/www.digamo.uy\/index.php\/wp-json\/wp\/v2\/media\/27976"}],"wp:attachment":[{"href":"https:\/\/www.digamo.uy\/index.php\/wp-json\/wp\/v2\/media?parent=2566"}],"wp:term":[{"taxonomy":"product_cat","embeddable":true,"href":"https:\/\/www.digamo.uy\/index.php\/wp-json\/wp\/v2\/product_cat?post=2566"},{"taxonomy":"product_tag","embeddable":true,"href":"https:\/\/www.digamo.uy\/index.php\/wp-json\/wp\/v2\/product_tag?post=2566"}],"curies":[{"name":"wp","href":"https:\/\/api.w.org\/{rel}","templated":true}]}}