{"id":25875,"date":"2024-08-15T20:53:29","date_gmt":"2024-08-15T23:53:29","guid":{"rendered":"https:\/\/www.digamo.uy\/index.php\/producto\/producto\/"},"modified":"2024-08-15T20:53:35","modified_gmt":"2024-08-15T23:53:35","slug":"coche-lite-rider-c-cubrepie-montreal-infanti","status":"publish","type":"product","link":"https:\/\/www.digamo.uy\/index.php\/producto\/coche-lite-rider-c-cubrepie-montreal-infanti\/","title":{"rendered":"Coche Lite Rider C\/cubrepie &#8211; Montreal &#8211; Infanti"},"content":{"rendered":"<p>Coche Lite Rider c\/cubrepie &#8211; Montreal &#8211; Infanti (J09)<\/p>\n<p>Es ineludible la necesidad de contar con un coche para beb\u00e9s, y de estos hay muchos tipos y dise\u00f1os. <\/p>\n<p>Si lo que busc\u00e1s es uno pr\u00e1ctico y f\u00e1cil de llevar, pod\u00e9s contar con el Lite Rider Montreal. <\/p>\n<p>Es muy liviano y compacto, pero sin dejar de lado los factores necesarios para ser un coche c\u00f3modo y seguro.<\/p>\n<p>Cuenta con ruedas giratorias con suspensi\u00f3n, y con una bandeja para que vos apoyes tus cosas. <\/p>\n<p>Su asiento acolchonado es desmontable y lavable, sum\u00e1ndole a\u00fan m\u00e1s simpleza a este elegante coche. <\/p>\n<p>C\u00f3modo, pr\u00e1ctico, desmontable y liviano para el mejor funcionamiento.<\/p>\n<p>&#8211; Tres posiciones de reclinado<\/p>\n<p>&#8211; Estructura ultraliviana de aluminio<\/p>\n<p>&#8211; Bandeja desmontable<\/p>\n<p>&#8211; Ruedas delanteras giratorias 360\u00b0<\/p>\n<p>&#8211; Tela acolchonada<\/p>\n<p>&#8211; Freno en ruedas traseras<\/p>\n<p>&#8211; Amplio canasto porta objetos<\/p>\n<p>&#8211; Plegado f\u00e1cil con una mano<\/p>\n<p>&#8211; Bandeja para padres.<\/p>\n<p>&#8211; Pesos recomendado: 0 a 18 kilos aprox.<\/p>\n<p>&#8211; Peso del producto: 6.5 kilos aprox.<\/p>\n<p>&#8211; Diemsiones: 29 x 36 cms aprox. (Ancho x Largo)<\/p>\n","protected":false},"excerpt":{"rendered":"<p>Coche Lite Rider c\/cubrepie &#8211; Montreal &#8211; Infanti (J09) Es ineludible la necesidad de contar con un coche para beb\u00e9s, y de estos hay muchos tipos y dise\u00f1os. Si lo que busc\u00e1s es uno pr\u00e1ctico y f\u00e1cil de llevar, pod\u00e9s contar con el Lite Rider Montreal. Es muy liviano y [&hellip;]<\/p>\n","protected":false},"featured_media":25876,"comment_status":"open","ping_status":"closed","template":"","meta":[],"product_cat":[21,104,28],"product_tag":[],"class_list":{"0":"post-25875","1":"product","2":"type-product","3":"status-publish","4":"has-post-thumbnail","6":"product_cat-beb-s","7":"product_cat-cochecitos-para-beb-s","8":"product_cat-paseo-del-beb","10":"first","11":"outofstock","12":"shipping-taxable","13":"purchasable","14":"product-type-simple"},"_links":{"self":[{"href":"https:\/\/www.digamo.uy\/index.php\/wp-json\/wp\/v2\/product\/25875","targetHints":{"allow":["GET"]}}],"collection":[{"href":"https:\/\/www.digamo.uy\/index.php\/wp-json\/wp\/v2\/product"}],"about":[{"href":"https:\/\/www.digamo.uy\/index.php\/wp-json\/wp\/v2\/types\/product"}],"replies":[{"embeddable":true,"href":"https:\/\/www.digamo.uy\/index.php\/wp-json\/wp\/v2\/comments?post=25875"}],"wp:featuredmedia":[{"embeddable":true,"href":"https:\/\/www.digamo.uy\/index.php\/wp-json\/wp\/v2\/media\/25876"}],"wp:attachment":[{"href":"https:\/\/www.digamo.uy\/index.php\/wp-json\/wp\/v2\/media?parent=25875"}],"wp:term":[{"taxonomy":"product_cat","embeddable":true,"href":"https:\/\/www.digamo.uy\/index.php\/wp-json\/wp\/v2\/product_cat?post=25875"},{"taxonomy":"product_tag","embeddable":true,"href":"https:\/\/www.digamo.uy\/index.php\/wp-json\/wp\/v2\/product_tag?post=25875"}],"curies":[{"name":"wp","href":"https:\/\/api.w.org\/{rel}","templated":true}]}}