{"id":26110,"date":"2024-08-15T21:00:52","date_gmt":"2024-08-16T00:00:52","guid":{"rendered":"https:\/\/www.digamo.uy\/index.php\/producto\/producto\/"},"modified":"2024-08-15T21:00:58","modified_gmt":"2024-08-16T00:00:58","slug":"coche-mellizos-duo-infanti","status":"publish","type":"product","link":"https:\/\/www.digamo.uy\/index.php\/producto\/coche-mellizos-duo-infanti\/","title":{"rendered":"Coche Mellizos &#8211; Duo &#8211; Infanti"},"content":{"rendered":"<p>Coche mellizos &#8211; Duo &#8211; Infanti (RM165)<\/p>\n<p>Caracter\u00edsticas:<br \/>\n&#8211; Estructura de Aluminio<br \/>\n&#8211; M\u00faltiples posiciones de reclinado<br \/>\n&#8211; Asiento acolchado<br \/>\n&#8211; Cintur\u00f3n 5 puntos<br \/>\n&#8211; Frenos en las 6 ruedas traseras<br \/>\n&#8211; Mango ergonom\u00e9trico<br \/>\n&#8211; Ruedas delanteras giran 360\u00ba<br \/>\n&#8211; Apoya pie con dos posiciones.<br \/>\n&#8211; Pliega compacto.<br \/>\n&#8211; Marco resistente.<br \/>\n&#8211; Capota amplia.<br \/>\n&#8211; 2 canastos guarda objetos individuales.<br \/>\n&#8211; 5 posiciones de reclinado.<br \/>\n&#8211; Para dos ni\u00f1os de 0 a 4 a\u00f1os.<br \/>\n&#8211; Para chicos de 0 a 18 kg.<br \/>\n&#8211; Capota europea<br \/>\n&#8211; Medidas abierto 58 x 100 x 66<br \/>\n&#8211; Peso: 12,9 kg<\/p>\n<p>Color disponible: Azul<\/p>\n<p>IMPORTANTE: Consultar stock antes de confirmar su compra.<\/p>\n","protected":false},"excerpt":{"rendered":"<p>Coche mellizos &#8211; Duo &#8211; Infanti (RM165) Caracter\u00edsticas: &#8211; Estructura de Aluminio &#8211; M\u00faltiples posiciones de reclinado &#8211; Asiento acolchado &#8211; Cintur\u00f3n 5 puntos &#8211; Frenos en las 6 ruedas traseras &#8211; Mango ergonom\u00e9trico &#8211; Ruedas delanteras giran 360\u00ba &#8211; Apoya pie con dos posiciones. &#8211; Pliega compacto. &#8211; Marco [&hellip;]<\/p>\n","protected":false},"featured_media":26111,"comment_status":"open","ping_status":"closed","template":"","meta":[],"product_cat":[21,104,28],"product_tag":[],"class_list":{"0":"post-26110","1":"product","2":"type-product","3":"status-publish","4":"has-post-thumbnail","6":"product_cat-beb-s","7":"product_cat-cochecitos-para-beb-s","8":"product_cat-paseo-del-beb","10":"first","11":"outofstock","12":"shipping-taxable","13":"purchasable","14":"product-type-simple"},"_links":{"self":[{"href":"https:\/\/www.digamo.uy\/index.php\/wp-json\/wp\/v2\/product\/26110","targetHints":{"allow":["GET"]}}],"collection":[{"href":"https:\/\/www.digamo.uy\/index.php\/wp-json\/wp\/v2\/product"}],"about":[{"href":"https:\/\/www.digamo.uy\/index.php\/wp-json\/wp\/v2\/types\/product"}],"replies":[{"embeddable":true,"href":"https:\/\/www.digamo.uy\/index.php\/wp-json\/wp\/v2\/comments?post=26110"}],"wp:featuredmedia":[{"embeddable":true,"href":"https:\/\/www.digamo.uy\/index.php\/wp-json\/wp\/v2\/media\/26111"}],"wp:attachment":[{"href":"https:\/\/www.digamo.uy\/index.php\/wp-json\/wp\/v2\/media?parent=26110"}],"wp:term":[{"taxonomy":"product_cat","embeddable":true,"href":"https:\/\/www.digamo.uy\/index.php\/wp-json\/wp\/v2\/product_cat?post=26110"},{"taxonomy":"product_tag","embeddable":true,"href":"https:\/\/www.digamo.uy\/index.php\/wp-json\/wp\/v2\/product_tag?post=26110"}],"curies":[{"name":"wp","href":"https:\/\/api.w.org\/{rel}","templated":true}]}}

<p>Coche mellizos &#8211; Duo &#8211; Infanti (RM165)</p>
<p>Características:<br />
&#8211; Estructura de Aluminio<br />
&#8211; Múltiples posiciones de reclinado<br />
&#8211; Asiento acolchado<br />
&#8211; Cinturón 5 puntos<br />
&#8211; Frenos en las 6 ruedas traseras<br />
&#8211; Mango ergonométrico<br />
&#8211; Ruedas delanteras giran 360º<br />
&#8211; Apoya pie con dos posiciones.<br />
&#8211; Pliega compacto.<br />
&#8211; Marco resistente.<br />
&#8211; Capota amplia.<br />
&#8211; 2 canastos guarda objetos individuales.<br />
&#8211; 5 posiciones de reclinado.<br />
&#8211; Para dos niños de 0 a 4 años.<br />
&#8211; Para chicos de 0 a 18 kg.<br />
&#8211; Capota europea<br />
&#8211; Medidas abierto 58 x 100 x 66<br />
&#8211; Peso: 12,9 kg</p>
<p>Color disponible: Azul</p>
<p>IMPORTANTE: Consultar stock antes de confirmar su compra.</p>

<p>Coche mellizos &#8211; Duo &#8211; Infanti (RM165) Características: &#8211; Estructura de Aluminio &#8211; Múltiples posiciones de reclinado &#8211; Asiento acolchado &#8211; Cinturón 5 puntos &#8211; Frenos en las 6 ruedas traseras &#8211; Mango ergonométrico &#8211; Ruedas delanteras giran 360º &#8211; Apoya pie con dos posiciones. &#8211; Pliega compacto. &#8211; Marco [&hellip;]</p>
