{"id":2636,"date":"2023-07-04T15:23:41","date_gmt":"2023-07-04T18:23:41","guid":{"rendered":"https:\/\/www.digamo.uy\/index.php\/producto\/producto\/"},"modified":"2024-08-15T22:16:23","modified_gmt":"2024-08-16T01:16:23","slug":"silla-de-comer-altura-regulable-safety-1st","status":"publish","type":"product","link":"https:\/\/www.digamo.uy\/index.php\/producto\/silla-de-comer-altura-regulable-safety-1st\/","title":{"rendered":"Silla De Comer &#8211; Altura Regulable &#8211; Safety 1st"},"content":{"rendered":"<p>Silla de Comer &#8211; Altura regulable &#8211; Safety 1st (BO048)<\/p>\n<p>F\u00e1cil de usar y f\u00e1cil de limpiar, la silla cuenta con una bandeja que se mantiene unida por un lado y hace pivotar f\u00e1cilmente.<br \/>\nEsto hace que sea f\u00e1cil de recuperar a su hijo sentado de forma segura para la hora de comer.<\/p>\n<p>Despu\u00e9s de una de esas comidas desordenadas, el dise\u00f1o del asiento se limpia f\u00e1cilmente.<\/p>\n<p>Caracter\u00edsticas:<br \/>\n&#8211; F\u00e1cil de usar y f\u00e1cil de limpiar.<br \/>\n&#8211; Regulaci\u00f3n de la altura en 3 niveles.<br \/>\n&#8211; Apto para lavavajillas.<br \/>\n&#8211; Bandeja basculante con portavasos.<br \/>\n&#8211; Arn\u00e9s de 3 puntos.<br \/>\n&#8211; Est\u00e1 dise\u00f1ado para que los ni\u00f1os puedan sentarse sin ayuda hasta los 4 a\u00f1os o con un peso m\u00e1ximo de 22 kg.<br \/>\n&#8211; Correas ajustables, mantienen el asiento seguro en la silla de adultos.<\/p>\n<p>Seguridad:<br \/>\n&#8211; Utilice \u00fanicamente este producto en una silla con un asiento que mida 32 cm x 37 cm como m\u00ednimo y un respaldo de 33,5 cm de alto.<\/p>\n<p>Color disponible: Rosado o Gris\/Celeste<\/p>\n<p>IMPORTANTE: Consultar stock antes de confirmar su compra.<\/p>\n","protected":false},"excerpt":{"rendered":"<p>Silla de Comer &#8211; Altura regulable &#8211; Safety 1st (BO048) F\u00e1cil de usar y f\u00e1cil de limpiar, la silla cuenta con una bandeja que se mantiene unida por un lado y hace pivotar f\u00e1cilmente. Esto hace que sea f\u00e1cil de recuperar a su hijo sentado de forma segura para la [&hellip;]<\/p>\n","protected":false},"featured_media":28036,"comment_status":"open","ping_status":"closed","template":"","meta":[],"product_cat":[21,99,206],"product_tag":[],"class_list":{"0":"post-2636","1":"product","2":"type-product","3":"status-publish","4":"has-post-thumbnail","6":"product_cat-beb-s","7":"product_cat-lactancia-y-alimentaci-n","8":"product_cat-sillas-de-comer","10":"first","11":"outofstock","12":"shipping-taxable","13":"purchasable","14":"product-type-simple"},"_links":{"self":[{"href":"https:\/\/www.digamo.uy\/index.php\/wp-json\/wp\/v2\/product\/2636","targetHints":{"allow":["GET"]}}],"collection":[{"href":"https:\/\/www.digamo.uy\/index.php\/wp-json\/wp\/v2\/product"}],"about":[{"href":"https:\/\/www.digamo.uy\/index.php\/wp-json\/wp\/v2\/types\/product"}],"replies":[{"embeddable":true,"href":"https:\/\/www.digamo.uy\/index.php\/wp-json\/wp\/v2\/comments?post=2636"}],"wp:featuredmedia":[{"embeddable":true,"href":"https:\/\/www.digamo.uy\/index.php\/wp-json\/wp\/v2\/media\/28036"}],"wp:attachment":[{"href":"https:\/\/www.digamo.uy\/index.php\/wp-json\/wp\/v2\/media?parent=2636"}],"wp:term":[{"taxonomy":"product_cat","embeddable":true,"href":"https:\/\/www.digamo.uy\/index.php\/wp-json\/wp\/v2\/product_cat?post=2636"},{"taxonomy":"product_tag","embeddable":true,"href":"https:\/\/www.digamo.uy\/index.php\/wp-json\/wp\/v2\/product_tag?post=2636"}],"curies":[{"name":"wp","href":"https:\/\/api.w.org\/{rel}","templated":true}]}}