{"id":2654,"date":"2023-07-04T15:24:08","date_gmt":"2023-07-04T18:24:08","guid":{"rendered":"https:\/\/www.digamo.uy\/index.php\/producto\/producto\/"},"modified":"2024-08-15T22:16:35","modified_gmt":"2024-08-16T01:16:35","slug":"silla-de-comer-portatil-snack-and-scribble-safety-1st","status":"publish","type":"product","link":"https:\/\/www.digamo.uy\/index.php\/producto\/silla-de-comer-portatil-snack-and-scribble-safety-1st\/","title":{"rendered":"Silla De Comer Port\u00e1til- Snack And Scribble &#8211; Safety 1st"},"content":{"rendered":"<p>Silla De Comer Port\u00e1til- Snack and Scribble &#8211; Safety 1st (21291)<\/p>\n<p>Este asiento de seguridad multifuncional ayuda a mantener al peque\u00f1o entretenido en cualquier momento del d\u00eda . <\/p>\n<p>La bandeja de juego se quita f\u00e1cilmente para revelar la bandeja de alimentaci\u00f3n completa o para entretener a su hijo fuera del asiento para ni\u00f1os. <\/p>\n<p>Con la bandeja de 3 posiciones y ajuste de altura de 2 niveles , el asiento elevador se adapta f\u00e1cilmente al ni\u00f1o en crecimiento.<\/p>\n","protected":false},"excerpt":{"rendered":"<p>Silla De Comer Port\u00e1til- Snack and Scribble &#8211; Safety 1st (21291) Este asiento de seguridad multifuncional ayuda a mantener al peque\u00f1o entretenido en cualquier momento del d\u00eda . La bandeja de juego se quita f\u00e1cilmente para revelar la bandeja de alimentaci\u00f3n completa o para entretener a su hijo fuera del [&hellip;]<\/p>\n","protected":false},"featured_media":28041,"comment_status":"open","ping_status":"closed","template":"","meta":[],"product_cat":[21,99,206],"product_tag":[],"class_list":{"0":"post-2654","1":"product","2":"type-product","3":"status-publish","4":"has-post-thumbnail","6":"product_cat-beb-s","7":"product_cat-lactancia-y-alimentaci-n","8":"product_cat-sillas-de-comer","10":"first","11":"outofstock","12":"shipping-taxable","13":"purchasable","14":"product-type-simple"},"_links":{"self":[{"href":"https:\/\/www.digamo.uy\/index.php\/wp-json\/wp\/v2\/product\/2654","targetHints":{"allow":["GET"]}}],"collection":[{"href":"https:\/\/www.digamo.uy\/index.php\/wp-json\/wp\/v2\/product"}],"about":[{"href":"https:\/\/www.digamo.uy\/index.php\/wp-json\/wp\/v2\/types\/product"}],"replies":[{"embeddable":true,"href":"https:\/\/www.digamo.uy\/index.php\/wp-json\/wp\/v2\/comments?post=2654"}],"wp:featuredmedia":[{"embeddable":true,"href":"https:\/\/www.digamo.uy\/index.php\/wp-json\/wp\/v2\/media\/28041"}],"wp:attachment":[{"href":"https:\/\/www.digamo.uy\/index.php\/wp-json\/wp\/v2\/media?parent=2654"}],"wp:term":[{"taxonomy":"product_cat","embeddable":true,"href":"https:\/\/www.digamo.uy\/index.php\/wp-json\/wp\/v2\/product_cat?post=2654"},{"taxonomy":"product_tag","embeddable":true,"href":"https:\/\/www.digamo.uy\/index.php\/wp-json\/wp\/v2\/product_tag?post=2654"}],"curies":[{"name":"wp","href":"https:\/\/api.w.org\/{rel}","templated":true}]}}