{"id":2661,"date":"2023-07-04T15:24:17","date_gmt":"2023-07-04T18:24:17","guid":{"rendered":"https:\/\/www.digamo.uy\/index.php\/producto\/producto\/"},"modified":"2024-08-15T22:16:44","modified_gmt":"2024-08-16T01:16:44","slug":"silla-de-comer-rings-adaptable-safety-1st","status":"publish","type":"product","link":"https:\/\/www.digamo.uy\/index.php\/producto\/silla-de-comer-rings-adaptable-safety-1st\/","title":{"rendered":"Silla De Comer Rings &#8211; Adaptable &#8211; Safety 1st"},"content":{"rendered":"<p>Silla de Comer Rings &#8211; Adaptable 6 posiciones &#8211; Safety 1st (HC154AUM)<\/p>\n<p>Una soluci\u00f3n dise\u00f1ada y desarrollada para convertir a tu hijo en el centro de atenci\u00f3n. <\/p>\n<p>Con m\u00faltiples ajustes, crecer\u00e1 con tu hijo.<\/p>\n<p>El estilo funcional del chasis proporciona un f\u00e1cil acceso y un ajuste perfecto a la mesa.<\/p>\n<p>Acabados impecables.<\/p>\n<p>Suaves y limpias l\u00edneas que combinan con los dise\u00f1os.<\/p>\n","protected":false},"excerpt":{"rendered":"<p>Silla de Comer Rings &#8211; Adaptable 6 posiciones &#8211; Safety 1st (HC154AUM) Una soluci\u00f3n dise\u00f1ada y desarrollada para convertir a tu hijo en el centro de atenci\u00f3n. Con m\u00faltiples ajustes, crecer\u00e1 con tu hijo. El estilo funcional del chasis proporciona un f\u00e1cil acceso y un ajuste perfecto a la mesa. [&hellip;]<\/p>\n","protected":false},"featured_media":28047,"comment_status":"open","ping_status":"closed","template":"","meta":[],"product_cat":[21,99,206],"product_tag":[],"class_list":{"0":"post-2661","1":"product","2":"type-product","3":"status-publish","4":"has-post-thumbnail","6":"product_cat-beb-s","7":"product_cat-lactancia-y-alimentaci-n","8":"product_cat-sillas-de-comer","10":"first","11":"instock","12":"shipping-taxable","13":"purchasable","14":"product-type-simple"},"_links":{"self":[{"href":"https:\/\/www.digamo.uy\/index.php\/wp-json\/wp\/v2\/product\/2661","targetHints":{"allow":["GET"]}}],"collection":[{"href":"https:\/\/www.digamo.uy\/index.php\/wp-json\/wp\/v2\/product"}],"about":[{"href":"https:\/\/www.digamo.uy\/index.php\/wp-json\/wp\/v2\/types\/product"}],"replies":[{"embeddable":true,"href":"https:\/\/www.digamo.uy\/index.php\/wp-json\/wp\/v2\/comments?post=2661"}],"wp:featuredmedia":[{"embeddable":true,"href":"https:\/\/www.digamo.uy\/index.php\/wp-json\/wp\/v2\/media\/28047"}],"wp:attachment":[{"href":"https:\/\/www.digamo.uy\/index.php\/wp-json\/wp\/v2\/media?parent=2661"}],"wp:term":[{"taxonomy":"product_cat","embeddable":true,"href":"https:\/\/www.digamo.uy\/index.php\/wp-json\/wp\/v2\/product_cat?post=2661"},{"taxonomy":"product_tag","embeddable":true,"href":"https:\/\/www.digamo.uy\/index.php\/wp-json\/wp\/v2\/product_tag?post=2661"}],"curies":[{"name":"wp","href":"https:\/\/api.w.org\/{rel}","templated":true}]}}