{"id":2671,"date":"2023-07-04T15:24:34","date_gmt":"2023-07-04T18:24:34","guid":{"rendered":"https:\/\/www.digamo.uy\/index.php\/producto\/producto\/"},"modified":"2024-08-15T22:17:01","modified_gmt":"2024-08-16T01:17:01","slug":"termometro-digital-de-oido-1-segundo-safety-1st","status":"publish","type":"product","link":"https:\/\/www.digamo.uy\/index.php\/producto\/termometro-digital-de-oido-1-segundo-safety-1st\/","title":{"rendered":"Term\u00f3metro Digital De O\u00eddo &#8211; 1 Segundo &#8211; Safety 1st"},"content":{"rendered":"<p>Term\u00f3metro Digital de O\u00eddo &#8211; 1 segundo &#8211; Safety 1st (49551)<\/p>\n<p>Term\u00f3metro de o\u00eddo que informa a los padres inmediatamente en caso de fiebre.<\/p>\n<p>Caracter\u00edsticas:<br \/>\n&#8211; Medici\u00f3n precisa e instant\u00e1nea en 1 segundo<br \/>\n&#8211; Pantalla digital<br \/>\n&#8211; Puedes ver la ultima lectura<br \/>\n&#8211; Se apaga autom\u00e1ticamente<\/p>\n","protected":false},"excerpt":{"rendered":"<p>Term\u00f3metro Digital de O\u00eddo &#8211; 1 segundo &#8211; Safety 1st (49551) Term\u00f3metro de o\u00eddo que informa a los padres inmediatamente en caso de fiebre. Caracter\u00edsticas: &#8211; Medici\u00f3n precisa e instant\u00e1nea en 1 segundo &#8211; Pantalla digital &#8211; Puedes ver la ultima lectura &#8211; Se apaga autom\u00e1ticamente<\/p>\n","protected":false},"featured_media":28053,"comment_status":"open","ping_status":"closed","template":"","meta":[],"product_cat":[21,208,209],"product_tag":[],"class_list":{"0":"post-2671","1":"product","2":"type-product","3":"status-publish","4":"has-post-thumbnail","6":"product_cat-beb-s","7":"product_cat-chupetes-term-metros","8":"product_cat-salud-del-beb","10":"first","11":"outofstock","12":"shipping-taxable","13":"purchasable","14":"product-type-simple"},"_links":{"self":[{"href":"https:\/\/www.digamo.uy\/index.php\/wp-json\/wp\/v2\/product\/2671","targetHints":{"allow":["GET"]}}],"collection":[{"href":"https:\/\/www.digamo.uy\/index.php\/wp-json\/wp\/v2\/product"}],"about":[{"href":"https:\/\/www.digamo.uy\/index.php\/wp-json\/wp\/v2\/types\/product"}],"replies":[{"embeddable":true,"href":"https:\/\/www.digamo.uy\/index.php\/wp-json\/wp\/v2\/comments?post=2671"}],"wp:featuredmedia":[{"embeddable":true,"href":"https:\/\/www.digamo.uy\/index.php\/wp-json\/wp\/v2\/media\/28053"}],"wp:attachment":[{"href":"https:\/\/www.digamo.uy\/index.php\/wp-json\/wp\/v2\/media?parent=2671"}],"wp:term":[{"taxonomy":"product_cat","embeddable":true,"href":"https:\/\/www.digamo.uy\/index.php\/wp-json\/wp\/v2\/product_cat?post=2671"},{"taxonomy":"product_tag","embeddable":true,"href":"https:\/\/www.digamo.uy\/index.php\/wp-json\/wp\/v2\/product_tag?post=2671"}],"curies":[{"name":"wp","href":"https:\/\/api.w.org\/{rel}","templated":true}]}}