{"id":2906,"date":"2023-07-04T15:54:33","date_gmt":"2023-07-04T18:54:33","guid":{"rendered":"https:\/\/www.digamo.uy\/index.php\/producto\/producto\/"},"modified":"2024-08-15T19:42:02","modified_gmt":"2024-08-15T22:42:02","slug":"coche-travel-system-atom-con-babysilla-biuco","status":"publish","type":"product","link":"https:\/\/www.digamo.uy\/index.php\/producto\/coche-travel-system-atom-con-babysilla-biuco\/","title":{"rendered":"Coche Travel System &#8211; Atom Con Babysilla &#8211; Biuco"},"content":{"rendered":"<p>Travel System &#8211; Atom &#8211; Biuco<\/p>\n<p>El modelo Atom se encuentra dentro de los modelos m\u00e1s modernos del mercado, y puede usarse desde el nacimiento del beb\u00e9 con la babysilla, luego se puede utilizar el asiento del coche que se puede colocar a contramarcha o mirando al frente.<\/p>\n<p>Tiene varias posiciones de reclinado y lo hace hasta 180 grados, permitiendo de esta forma varias opciones para la mayor comodidad de su beb\u00e9.<\/p>\n<p>Caracter\u00edsticas<\/p>\n<p>1- Estructura revolucionaria con aleaci\u00f3n de aluminio (Al) y magnesio (Mg). <\/p>\n<p>2- Reclinado completo de 4 posiciones<\/p>\n<p>3- Ultraliviano<\/p>\n<p>4- Superficie ultra acolchonada, desmontable, lavable y con estructura de respaldo dise\u00f1ada para la perfecta ventilaci\u00f3n y respiraci\u00f3n del mismo.<\/p>\n<p>5- Capota extra grande con extensi\u00f3n y visera que protege completamente del sol <\/p>\n<p>6- Babysilla 0+ con base isofix<\/p>\n<p>7- Ruedas con suspensi\u00f3n y material de calidad plus.<\/p>\n<p>8- Cintur\u00f3n con arn\u00e9s de 5 puntas <\/p>\n<p>9- Manillar y baranda protectora de cuero ecol\u00f3gico.<\/p>\n<p>10- Manillar con regulaci\u00f3n de altura<\/p>\n<p>11- Asiento reversible con orientaci\u00f3n hacia ambos lados.<\/p>\n<p>MEDIDAS ABIERTO: 51cm ancho x 30cm de frente x 1.02cm alto (coche)<\/p>\n<p>MEDIDAS CERRADO: 33cm ancho x 46cm frente x 85cm altura (coche)<\/p>\n","protected":false},"excerpt":{"rendered":"<p>Travel System &#8211; Atom &#8211; Biuco El modelo Atom se encuentra dentro de los modelos m\u00e1s modernos del mercado, y puede usarse desde el nacimiento del beb\u00e9 con la babysilla, luego se puede utilizar el asiento del coche que se puede colocar a contramarcha o mirando al frente. Tiene varias [&hellip;]<\/p>\n","protected":false},"featured_media":24770,"comment_status":"open","ping_status":"closed","template":"","meta":[],"product_cat":[21,104,28],"product_tag":[],"class_list":{"0":"post-2906","1":"product","2":"type-product","3":"status-publish","4":"has-post-thumbnail","6":"product_cat-beb-s","7":"product_cat-cochecitos-para-beb-s","8":"product_cat-paseo-del-beb","10":"first","11":"instock","12":"shipping-taxable","13":"purchasable","14":"product-type-variable"},"_links":{"self":[{"href":"https:\/\/www.digamo.uy\/index.php\/wp-json\/wp\/v2\/product\/2906","targetHints":{"allow":["GET"]}}],"collection":[{"href":"https:\/\/www.digamo.uy\/index.php\/wp-json\/wp\/v2\/product"}],"about":[{"href":"https:\/\/www.digamo.uy\/index.php\/wp-json\/wp\/v2\/types\/product"}],"replies":[{"embeddable":true,"href":"https:\/\/www.digamo.uy\/index.php\/wp-json\/wp\/v2\/comments?post=2906"}],"wp:featuredmedia":[{"embeddable":true,"href":"https:\/\/www.digamo.uy\/index.php\/wp-json\/wp\/v2\/media\/24770"}],"wp:attachment":[{"href":"https:\/\/www.digamo.uy\/index.php\/wp-json\/wp\/v2\/media?parent=2906"}],"wp:term":[{"taxonomy":"product_cat","embeddable":true,"href":"https:\/\/www.digamo.uy\/index.php\/wp-json\/wp\/v2\/product_cat?post=2906"},{"taxonomy":"product_tag","embeddable":true,"href":"https:\/\/www.digamo.uy\/index.php\/wp-json\/wp\/v2\/product_tag?post=2906"}],"curies":[{"name":"wp","href":"https:\/\/api.w.org\/{rel}","templated":true}]}}

<p>Travel System &#8211; Atom &#8211; Biuco</p>
<p>El modelo Atom se encuentra dentro de los modelos más modernos del mercado, y puede usarse desde el nacimiento del bebé con la babysilla, luego se puede utilizar el asiento del coche que se puede colocar a contramarcha o mirando al frente.</p>
<p>Tiene varias posiciones de reclinado y lo hace hasta 180 grados, permitiendo de esta forma varias opciones para la mayor comodidad de su bebé.</p>
<p>Características</p>
<p>1- Estructura revolucionaria con aleación de aluminio (Al) y magnesio (Mg). </p>
<p>2- Reclinado completo de 4 posiciones</p>
<p>3- Ultraliviano</p>
<p>4- Superficie ultra acolchonada, desmontable, lavable y con estructura de respaldo diseñada para la perfecta ventilación y respiración del mismo.</p>
<p>5- Capota extra grande con extensión y visera que protege completamente del sol </p>
<p>6- Babysilla 0+ con base isofix</p>
<p>7- Ruedas con suspensión y material de calidad plus.</p>
<p>8- Cinturón con arnés de 5 puntas </p>
<p>9- Manillar y baranda protectora de cuero ecológico.</p>
<p>10- Manillar con regulación de altura</p>
<p>11- Asiento reversible con orientación hacia ambos lados.</p>
<p>MEDIDAS ABIERTO: 51cm ancho x 30cm de frente x 1.02cm alto (coche)</p>
<p>MEDIDAS CERRADO: 33cm ancho x 46cm frente x 85cm altura (coche)</p>

<p>Travel System &#8211; Atom &#8211; Biuco El modelo Atom se encuentra dentro de los modelos más modernos del mercado, y puede usarse desde el nacimiento del bebé con la babysilla, luego se puede utilizar el asiento del coche que se puede colocar a contramarcha o mirando al frente. Tiene varias [&hellip;]</p>
