{"id":379,"date":"2023-07-03T22:23:04","date_gmt":"2023-07-04T01:23:04","guid":{"rendered":"https:\/\/www.digamo.uy\/index.php\/producto\/producto\/"},"modified":"2024-08-15T19:50:54","modified_gmt":"2024-08-15T22:50:54","slug":"silla-mecedora-para-bebe-tiny-love-cozy-rocker-napper-gris","status":"publish","type":"product","link":"https:\/\/www.digamo.uy\/index.php\/producto\/silla-mecedora-para-bebe-tiny-love-cozy-rocker-napper-gris\/","title":{"rendered":"Silla Mecedora Para Beb\u00e9 Tiny Love Cozy Rocker Napper Gris"},"content":{"rendered":"<p>Como sabemos que los m\u00e1s peque\u00f1os tienen que tener lo mejor, con la mecedora Tiny Love Cozy Rocker Napper van a llenar la casa de sonrisas y felicidad. Este producto lo acompa\u00f1ar\u00e1 en la gran aventura de descubrir el mundo, brind\u00e1ndole confort en su vida diaria.<\/p>\n<p>C\u00f3moda y muy pr\u00e1ctica<br \/>\nCuenta con un asiento reclinable que hace posible adaptarla para satisfacer distintas necesidades y tareas.<\/p>\n<p>Juguetes al alcance de la mano<br \/>\nLa barra de juguetes es desmontable, lo que posibilitar\u00e1 que tu beb\u00e9 est\u00e9 a gusto en todo momento y actividad que tenga que realizar. <\/p>\n<p>Telas suaves y lavables<br \/>\nLa tela es apta para el lavado por lo cual podr\u00e1s mantenerla siempre limpia y fresca.<\/p>\n<p>Siempre estar\u00e1 protegido<br \/>\nSu sistema de seguridad consta de un arn\u00e9s de 3 puntos que se ajusta para proteger al ni\u00f1o durante todo el tiempo que est\u00e9 en la mecedora.<\/p>\n","protected":false},"excerpt":{"rendered":"<p>Como sabemos que los m\u00e1s peque\u00f1os tienen que tener lo mejor, con la mecedora Tiny Love Cozy Rocker Napper van a llenar la casa de sonrisas y felicidad. Este producto lo acompa\u00f1ar\u00e1 en la gran aventura de descubrir el mundo, brind\u00e1ndole confort en su vida diaria. C\u00f3moda y muy pr\u00e1ctica [&hellip;]<\/p>\n","protected":false},"featured_media":25061,"comment_status":"open","ping_status":"closed","template":"","meta":[],"product_cat":[21,52,93,92],"product_tag":[],"class_list":{"0":"post-379","1":"product","2":"type-product","3":"status-publish","4":"has-post-thumbnail","6":"product_cat-beb-s","7":"product_cat-juegos-y-juguetes-para-beb-s","8":"product_cat-mecedoras-y-saltarines","9":"product_cat-sillas-mecedoras","11":"first","12":"outofstock","13":"shipping-taxable","14":"purchasable","15":"product-type-simple"},"_links":{"self":[{"href":"https:\/\/www.digamo.uy\/index.php\/wp-json\/wp\/v2\/product\/379","targetHints":{"allow":["GET"]}}],"collection":[{"href":"https:\/\/www.digamo.uy\/index.php\/wp-json\/wp\/v2\/product"}],"about":[{"href":"https:\/\/www.digamo.uy\/index.php\/wp-json\/wp\/v2\/types\/product"}],"replies":[{"embeddable":true,"href":"https:\/\/www.digamo.uy\/index.php\/wp-json\/wp\/v2\/comments?post=379"}],"wp:featuredmedia":[{"embeddable":true,"href":"https:\/\/www.digamo.uy\/index.php\/wp-json\/wp\/v2\/media\/25061"}],"wp:attachment":[{"href":"https:\/\/www.digamo.uy\/index.php\/wp-json\/wp\/v2\/media?parent=379"}],"wp:term":[{"taxonomy":"product_cat","embeddable":true,"href":"https:\/\/www.digamo.uy\/index.php\/wp-json\/wp\/v2\/product_cat?post=379"},{"taxonomy":"product_tag","embeddable":true,"href":"https:\/\/www.digamo.uy\/index.php\/wp-json\/wp\/v2\/product_tag?post=379"}],"curies":[{"name":"wp","href":"https:\/\/api.w.org\/{rel}","templated":true}]}}