{"id":7730,"date":"2023-07-05T05:43:04","date_gmt":"2023-07-05T08:43:04","guid":{"rendered":"https:\/\/www.digamo.uy\/index.php\/producto\/producto\/"},"modified":"2024-08-15T17:09:20","modified_gmt":"2024-08-15T20:09:20","slug":"booster-infanti","status":"publish","type":"product","link":"https:\/\/www.digamo.uy\/index.php\/producto\/booster-infanti\/","title":{"rendered":"Booster &#8211; Infanti"},"content":{"rendered":"<p>Booster &#8211; Infanti (S600)<\/p>\n<p>Si precisas un booster para auto de excelente calidad al mejor precio, el booster INFANTI es el ideal para vos! <\/p>\n<p>Que los peque\u00f1os viajen seguros! <\/p>\n<p>Con este booster cumplir\u00e1s con la normativa vigente y al mismo tiempo aseguraras un viaje c\u00f3modo y placentero a los m\u00e1s peque\u00f1os de la casa.<\/p>\n<p>Caracter\u00edsticas:<br \/>\n&#8211; Rango de edad: 9 meses a 12 a\u00f1os<br \/>\n&#8211; Cintur\u00f3n de seguridad 5 Puntas<br \/>\n&#8211; Norma de seguridad ECE R44\/04 &#8211; LSQA<br \/>\n&#8211; Posiciones de reclinado<br \/>\n&#8211; Respaldo desmontable<br \/>\n&#8211; Peso soportado 9 a 36 kg<\/p>\n<p>Colores disponibles: Azul \/ Rojo<\/p>\n","protected":false},"excerpt":{"rendered":"<p>Booster &#8211; Infanti (S600) Si precisas un booster para auto de excelente calidad al mejor precio, el booster INFANTI es el ideal para vos! Que los peque\u00f1os viajen seguros! Con este booster cumplir\u00e1s con la normativa vigente y al mismo tiempo aseguraras un viaje c\u00f3modo y placentero a los m\u00e1s [&hellip;]<\/p>\n","protected":false},"featured_media":21901,"comment_status":"open","ping_status":"closed","template":"","meta":[],"product_cat":[21,28,27],"product_tag":[],"class_list":{"0":"post-7730","1":"product","2":"type-product","3":"status-publish","4":"has-post-thumbnail","6":"product_cat-beb-s","7":"product_cat-paseo-del-beb","8":"product_cat-sillas-para-autos","10":"first","11":"outofstock","12":"shipping-taxable","13":"purchasable","14":"product-type-simple"},"_links":{"self":[{"href":"https:\/\/www.digamo.uy\/index.php\/wp-json\/wp\/v2\/product\/7730","targetHints":{"allow":["GET"]}}],"collection":[{"href":"https:\/\/www.digamo.uy\/index.php\/wp-json\/wp\/v2\/product"}],"about":[{"href":"https:\/\/www.digamo.uy\/index.php\/wp-json\/wp\/v2\/types\/product"}],"replies":[{"embeddable":true,"href":"https:\/\/www.digamo.uy\/index.php\/wp-json\/wp\/v2\/comments?post=7730"}],"wp:featuredmedia":[{"embeddable":true,"href":"https:\/\/www.digamo.uy\/index.php\/wp-json\/wp\/v2\/media\/21901"}],"wp:attachment":[{"href":"https:\/\/www.digamo.uy\/index.php\/wp-json\/wp\/v2\/media?parent=7730"}],"wp:term":[{"taxonomy":"product_cat","embeddable":true,"href":"https:\/\/www.digamo.uy\/index.php\/wp-json\/wp\/v2\/product_cat?post=7730"},{"taxonomy":"product_tag","embeddable":true,"href":"https:\/\/www.digamo.uy\/index.php\/wp-json\/wp\/v2\/product_tag?post=7730"}],"curies":[{"name":"wp","href":"https:\/\/api.w.org\/{rel}","templated":true}]}}