{"id":7767,"date":"2023-07-05T05:43:30","date_gmt":"2023-07-05T08:43:30","guid":{"rendered":"https:\/\/www.digamo.uy\/index.php\/producto\/producto\/"},"modified":"2024-08-15T17:10:31","modified_gmt":"2024-08-15T20:10:31","slug":"coche-doble-simba-t4-koelstra","status":"publish","type":"product","link":"https:\/\/www.digamo.uy\/index.php\/producto\/coche-doble-simba-t4-koelstra\/","title":{"rendered":"Coche Doble &#8211; Simba T4 &#8211; Koelstra"},"content":{"rendered":"<p>Coche doble &#8211; Simba T4 &#8211; Koelstra<\/p>\n<p>Caracter\u00edsticas:<br \/>\n&#8211; Respaldo ajustable y en m\u00faltiples posiciones y reclinable hasta la posici\u00f3n horizontal<br \/>\n&#8211; Reposa pi\u00e9s ajustables por separado<br \/>\n&#8211; 2 Capotas desmontables y ajustables sin ruido con mirillas y reflector<br \/>\n&#8211; Cinturones de seguridad de 5 puntos ajustables en altura con acolchados en los hombros<br \/>\n&#8211; 2 cestas portaobjetos<br \/>\n&#8211; Ruedas giratorias delanteras con posibilidad de posici\u00f3n fija y bloqueo autom\u00e1tico<br \/>\n&#8211; Manillar ergon\u00f3mico<br \/>\nFreno pedal<br \/>\n&#8211; Asa de transporte para facilitar el transporte<br \/>\n&#8211; Disponible en 2 colores: gris y negro<\/p>\n<p>Accesorios que pueden encontrar en nuestra tienda:<br \/>\n&#8211; Protector para la lluvia<br \/>\n&#8211; Barra protectora o apoyabrazos <\/p>\n<p>Especificaciones:<br \/>\nPlegada (LxWxH ) : 106 x 45 x 22cm<br \/>\nListo para el uso (LxWxH ) : 76 x 74 x 109cm<br \/>\nAsiento (LxWxD ): 50 x 30-60 x 15-30 cm<br \/>\nPeso: 13 Kg <\/p>\n<p>Material:<br \/>\nTapicer\u00eda: poli\u00e9ster<br \/>\nEstructura: piezas de aluminio \/ pl\u00e1stico<\/p>\n<p>IMPORTANTE: Consultar stock antes de confirmar su compra.<\/p>\n","protected":false},"excerpt":{"rendered":"<p>Coche doble &#8211; Simba T4 &#8211; Koelstra Caracter\u00edsticas: &#8211; Respaldo ajustable y en m\u00faltiples posiciones y reclinable hasta la posici\u00f3n horizontal &#8211; Reposa pi\u00e9s ajustables por separado &#8211; 2 Capotas desmontables y ajustables sin ruido con mirillas y reflector &#8211; Cinturones de seguridad de 5 puntos ajustables en altura con [&hellip;]<\/p>\n","protected":false},"featured_media":21926,"comment_status":"open","ping_status":"closed","template":"","meta":[],"product_cat":[21,104,28],"product_tag":[],"class_list":{"0":"post-7767","1":"product","2":"type-product","3":"status-publish","4":"has-post-thumbnail","6":"product_cat-beb-s","7":"product_cat-cochecitos-para-beb-s","8":"product_cat-paseo-del-beb","10":"first","11":"outofstock","12":"shipping-taxable","13":"purchasable","14":"product-type-simple"},"_links":{"self":[{"href":"https:\/\/www.digamo.uy\/index.php\/wp-json\/wp\/v2\/product\/7767","targetHints":{"allow":["GET"]}}],"collection":[{"href":"https:\/\/www.digamo.uy\/index.php\/wp-json\/wp\/v2\/product"}],"about":[{"href":"https:\/\/www.digamo.uy\/index.php\/wp-json\/wp\/v2\/types\/product"}],"replies":[{"embeddable":true,"href":"https:\/\/www.digamo.uy\/index.php\/wp-json\/wp\/v2\/comments?post=7767"}],"wp:featuredmedia":[{"embeddable":true,"href":"https:\/\/www.digamo.uy\/index.php\/wp-json\/wp\/v2\/media\/21926"}],"wp:attachment":[{"href":"https:\/\/www.digamo.uy\/index.php\/wp-json\/wp\/v2\/media?parent=7767"}],"wp:term":[{"taxonomy":"product_cat","embeddable":true,"href":"https:\/\/www.digamo.uy\/index.php\/wp-json\/wp\/v2\/product_cat?post=7767"},{"taxonomy":"product_tag","embeddable":true,"href":"https:\/\/www.digamo.uy\/index.php\/wp-json\/wp\/v2\/product_tag?post=7767"}],"curies":[{"name":"wp","href":"https:\/\/api.w.org\/{rel}","templated":true}]}}

<p>Coche doble &#8211; Simba T4 &#8211; Koelstra</p>
<p>Características:<br />
&#8211; Respaldo ajustable y en múltiples posiciones y reclinable hasta la posición horizontal<br />
&#8211; Reposa piés ajustables por separado<br />
&#8211; 2 Capotas desmontables y ajustables sin ruido con mirillas y reflector<br />
&#8211; Cinturones de seguridad de 5 puntos ajustables en altura con acolchados en los hombros<br />
&#8211; 2 cestas portaobjetos<br />
&#8211; Ruedas giratorias delanteras con posibilidad de posición fija y bloqueo automático<br />
&#8211; Manillar ergonómico<br />
Freno pedal<br />
&#8211; Asa de transporte para facilitar el transporte<br />
&#8211; Disponible en 2 colores: gris y negro</p>
<p>Accesorios que pueden encontrar en nuestra tienda:<br />
&#8211; Protector para la lluvia<br />
&#8211; Barra protectora o apoyabrazos </p>
<p>Especificaciones:<br />
Plegada (LxWxH ) : 106 x 45 x 22cm<br />
Listo para el uso (LxWxH ) : 76 x 74 x 109cm<br />
Asiento (LxWxD ): 50 x 30-60 x 15-30 cm<br />
Peso: 13 Kg </p>
<p>Material:<br />
Tapicería: poliéster<br />
Estructura: piezas de aluminio / plástico</p>
<p>IMPORTANTE: Consultar stock antes de confirmar su compra.</p>

<p>Coche doble &#8211; Simba T4 &#8211; Koelstra Características: &#8211; Respaldo ajustable y en múltiples posiciones y reclinable hasta la posición horizontal &#8211; Reposa piés ajustables por separado &#8211; 2 Capotas desmontables y ajustables sin ruido con mirillas y reflector &#8211; Cinturones de seguridad de 5 puntos ajustables en altura con [&hellip;]</p>
