{"id":901,"date":"2023-07-03T22:40:01","date_gmt":"2023-07-04T01:40:01","guid":{"rendered":"https:\/\/www.digamo.uy\/index.php\/producto\/producto\/"},"modified":"2024-08-13T21:26:29","modified_gmt":"2024-08-14T00:26:29","slug":"tren-de-bloques-de-encastres-y-arrastre-didactico-babyland","status":"publish","type":"product","link":"https:\/\/www.digamo.uy\/index.php\/producto\/tren-de-bloques-de-encastres-y-arrastre-didactico-babyland\/","title":{"rendered":"Tren De  Bloques De Encastres Y Arrastre Didactico Babyland"},"content":{"rendered":"<p>Tren did\u00e1ctico 70 piezas blocks Baby Land (CA8005)<\/p>\n<p>Trencito Didactico es un juguete s\u00faper divertido, educativo, l\u00fadico y muy divertido ya que ayuda a aprender los n\u00fameros y las vocales. <\/p>\n<p>Desarrollado para ni\u00f1os en la primera infancia, tiene varias funciones did\u00e1cticas que ayudan en el desarrollo y aprendizaje. Es en esta etapa que el ni\u00f1o necesita m\u00e1s estimulaci\u00f3n para desarrollar sus habilidades. Este cochecito tiene un asa para que el ni\u00f1o tire y lo lleve al entorno preferido. Tiene herrajes y piezas geom\u00e9tricas.<br \/>\nDeja volar tu imaginaci\u00f3n y lleva tu tren a jugar en el parque infantil, la plaza, el club o la playa, con \u00e9l el juego ser\u00e1 mucho m\u00e1s divertido.<br \/>\nEs apto para ni\u00f1os mayores de 24 meses.<br \/>\nMide aproximadamente 47 cm x 28 cm x 9 cm. Estimula la coordinaci\u00f3n motora y la interacci\u00f3n social del beb\u00e9, proporciona conocimiento de formas y colores.<\/p>\n<p>Cuenta con 70 piezas, 1 cabina de tren, 3 chasis, 12 ruedas, 54 bloques de montaje y 1 paquete de pegatinas.<\/p>\n","protected":false},"excerpt":{"rendered":"<p>Tren did\u00e1ctico 70 piezas blocks Baby Land (CA8005) Trencito Didactico es un juguete s\u00faper divertido, educativo, l\u00fadico y muy divertido ya que ayuda a aprender los n\u00fameros y las vocales. Desarrollado para ni\u00f1os en la primera infancia, tiene varias funciones did\u00e1cticas que ayudan en el desarrollo y aprendizaje. Es en [&hellip;]<\/p>\n","protected":false},"featured_media":14465,"comment_status":"open","ping_status":"closed","template":"","meta":[],"product_cat":[45,24,46],"product_tag":[],"class_list":{"0":"post-901","1":"product","2":"type-product","3":"status-publish","4":"has-post-thumbnail","6":"product_cat-bloques-y-figuras-para-armar","7":"product_cat-juegos-y-juguetes","8":"product_cat-juguetes-de-construcci-n","10":"first","11":"instock","12":"shipping-taxable","13":"purchasable","14":"product-type-variable"},"_links":{"self":[{"href":"https:\/\/www.digamo.uy\/index.php\/wp-json\/wp\/v2\/product\/901","targetHints":{"allow":["GET"]}}],"collection":[{"href":"https:\/\/www.digamo.uy\/index.php\/wp-json\/wp\/v2\/product"}],"about":[{"href":"https:\/\/www.digamo.uy\/index.php\/wp-json\/wp\/v2\/types\/product"}],"replies":[{"embeddable":true,"href":"https:\/\/www.digamo.uy\/index.php\/wp-json\/wp\/v2\/comments?post=901"}],"wp:featuredmedia":[{"embeddable":true,"href":"https:\/\/www.digamo.uy\/index.php\/wp-json\/wp\/v2\/media\/14465"}],"wp:attachment":[{"href":"https:\/\/www.digamo.uy\/index.php\/wp-json\/wp\/v2\/media?parent=901"}],"wp:term":[{"taxonomy":"product_cat","embeddable":true,"href":"https:\/\/www.digamo.uy\/index.php\/wp-json\/wp\/v2\/product_cat?post=901"},{"taxonomy":"product_tag","embeddable":true,"href":"https:\/\/www.digamo.uy\/index.php\/wp-json\/wp\/v2\/product_tag?post=901"}],"curies":[{"name":"wp","href":"https:\/\/api.w.org\/{rel}","templated":true}]}}