{"id":983,"date":"2023-07-03T22:42:48","date_gmt":"2023-07-04T01:42:48","guid":{"rendered":"https:\/\/www.digamo.uy\/index.php\/producto\/producto\/"},"modified":"2024-08-13T21:32:20","modified_gmt":"2024-08-14T00:32:20","slug":"butaca-silla-para-auto-bold-infanti-joie","status":"publish","type":"product","link":"https:\/\/www.digamo.uy\/index.php\/producto\/butaca-silla-para-auto-bold-infanti-joie\/","title":{"rendered":"Butaca \/ Silla Para Auto &#8211; Bold &#8211; Infanti Joie"},"content":{"rendered":"<p>Butaca \/ Silla para auto &#8211; Bold &#8211; Infanti Joie<\/p>\n<p> Asiento para autom\u00f3vil 1\/2\/3 de Joie: acomoda a los m\u00e1s peque\u00f1os desde 9 kg hasta un peso extendido de 25 kg con el arn\u00e9s de 5 puntos, y se convierte en un asiento elevador con cintur\u00f3n de 15 a 36 kg. Los conectores ISOSAFE de 9 posiciones, la correa superior y el cintur\u00f3n del veh\u00edculo se emparejan para una instalaci\u00f3n m\u00e1s segura y resistente. <\/p>\n<p>Con protecci\u00f3n completa contra impactos laterales m\u00e1s paneles Guard Surround Safety \u2122 protegen a los peque\u00f1os de la cabeza a las caderas.<\/p>\n<p>Descripcion:<br \/>\n3 posiciones de reclinaci\u00f3n sobre la marcha<\/p>\n<p>La protecci\u00f3n contra impactos laterales brinda mayor seguridad para la cabeza, el cuerpo y las caderas.<\/p>\n<p>Los paneles guard Surround Safety \u2122 brindan protecci\u00f3n adicional contra impactos laterales y se pliegan en el asiento cuando no est\u00e1n en uso<\/p>\n<p>Reposacabezas ajustable en 11 posiciones con una sola mano<br \/>\nEl sistema de arn\u00e9s y reposacabezas grow Together \u2122 se ajusta simult\u00e1neamente y no requiere volver a enhebrar el arn\u00e9s<\/p>\n<p>Conectores ISOFIX retr\u00e1ctiles de 9 posiciones<br \/>\nsoporte corporal extra\u00edble para ni\u00f1os m\u00e1s peque\u00f1os<\/p>\n<p>El movimiento de un tir\u00f3n aprieta f\u00e1cilmente el arn\u00e9s<\/p>\n<p>Arn\u00e9s de 5 puntos<\/p>\n<p>Los compartimentos Custom Harness Hideaway \u2122 almacenan el arn\u00e9s de 5 puntos cuando se usa como refuerzo de grupo 2\/3<\/p>\n<p>El portavasos extra\u00edble se fija a ambos lados del asiento para ni\u00f1os<\/p>\n","protected":false},"excerpt":{"rendered":"<p>Butaca \/ Silla para auto &#8211; Bold &#8211; Infanti Joie Asiento para autom\u00f3vil 1\/2\/3 de Joie: acomoda a los m\u00e1s peque\u00f1os desde 9 kg hasta un peso extendido de 25 kg con el arn\u00e9s de 5 puntos, y se convierte en un asiento elevador con cintur\u00f3n de 15 a 36 [&hellip;]<\/p>\n","protected":false},"featured_media":14542,"comment_status":"open","ping_status":"closed","template":"","meta":[],"product_cat":[21,28,27],"product_tag":[],"class_list":{"0":"post-983","1":"product","2":"type-product","3":"status-publish","4":"has-post-thumbnail","6":"product_cat-beb-s","7":"product_cat-paseo-del-beb","8":"product_cat-sillas-para-autos","10":"first","11":"instock","12":"shipping-taxable","13":"purchasable","14":"product-type-variable"},"_links":{"self":[{"href":"https:\/\/www.digamo.uy\/index.php\/wp-json\/wp\/v2\/product\/983","targetHints":{"allow":["GET"]}}],"collection":[{"href":"https:\/\/www.digamo.uy\/index.php\/wp-json\/wp\/v2\/product"}],"about":[{"href":"https:\/\/www.digamo.uy\/index.php\/wp-json\/wp\/v2\/types\/product"}],"replies":[{"embeddable":true,"href":"https:\/\/www.digamo.uy\/index.php\/wp-json\/wp\/v2\/comments?post=983"}],"wp:featuredmedia":[{"embeddable":true,"href":"https:\/\/www.digamo.uy\/index.php\/wp-json\/wp\/v2\/media\/14542"}],"wp:attachment":[{"href":"https:\/\/www.digamo.uy\/index.php\/wp-json\/wp\/v2\/media?parent=983"}],"wp:term":[{"taxonomy":"product_cat","embeddable":true,"href":"https:\/\/www.digamo.uy\/index.php\/wp-json\/wp\/v2\/product_cat?post=983"},{"taxonomy":"product_tag","embeddable":true,"href":"https:\/\/www.digamo.uy\/index.php\/wp-json\/wp\/v2\/product_tag?post=983"}],"curies":[{"name":"wp","href":"https:\/\/api.w.org\/{rel}","templated":true}]}}